 = 32 + -23. Suppose 24 = 3*k + s. What is the greatest common factor of k and 45?
5
Let c(s) = s. Let r = 0 + 3. Suppose 0 = r*o - 7*o - 5*h + 21, 2*o = -2*h + 12. Let i be c(o). Calculate the highest common factor of 6 and i.
3
Suppose -51*p = -34*p - 153. Let i(f) = 2*f. Let j be i(-2). Let d be 54/j*16/(-6). Calculate the greatest common divisor of d and p.
9
Suppose 0 = m + 3*p - 22, -2*m + p - 12 = -3*m. Let c(z) = 6*z**2 + 24*z - 9. Let t be c(-5). What is the greatest common factor of t and m?
7
Suppose f + 1 = 3. Suppose -3*b + 5*d = -394, -b - 137 = -f*b - 4*d. Let c be (38 - 0)*(-6)/(-12). What is the greatest common divisor of b and c?
19
Let s = 6 - 1. Suppose -107 = -s*r + 23. Calculate the highest common factor of r and 13.
13
Suppose 5*c = 6*i - 5*i - 339, 200 = -3*c + 4*i. Let m = -35 - c. What is the greatest common divisor of m and 3?
3
Suppose 0 = -5*l + n + 637, 381 = 3*l - 5*n + 4*n. Suppose 4*g - 64 = -16. Let k = 28 - g. What is the highest common divisor of k and l?
16
Suppose 0 = -6*y + 5*y + 3*b + 3, 0 = 5*y - b - 1. Suppose 10*w - 301 + 21 = y. What is the highest common factor of w and 42?
14
Suppose 0*t - 2*x + 3488 = 3*t, -3*x + 3492 = 3*t. Calculate the greatest common divisor of t and 40.
40
Let q = 518 - 450. Calculate the greatest common factor of q and 1.
1
Suppose -42*j = -34*j - 96. What is the highest common factor of 54 and j?
6
Let m be (7 + (-60)/5)*27/(-5). Let q be ((-28)/8)/7*-36. Calculate the greatest common factor of m and q.
9
Suppose -11*z + 125 = 37. What is the greatest common divisor of 92 and z?
4
Let p(f) = f. Let h be p(6). Suppose -2*k + 7 + 21 = -8. What is the greatest common factor of k and h?
6
Let n be 1 - (0 - (-4 + 3)). Suppose 2*f + 3*y - 157 = -2*f, n = 4*f - y - 161. Calculate the highest common factor of 8 and f.
8
Let g be ((-2)/15 - (-1292)/2040)*92. What is the greatest common divisor of 4370 and g?
46
Let p(s) = s**2 - 38*s + 87. Let k be p(36). What is the greatest common divisor of 120 and k?
15
Suppose -24*q + 93 = -99. Calculate the highest common divisor of 668 and q.
4
Suppose 2*f + 2*f - 710 = 5*s, -s = -f + 178. Suppose -9*z + 18*z - f = 0. Calculate the greatest common factor of z and 4.
4
Suppose 15 = -4*h + 103. Let l(j) = 3 - 6 - 6 + 7*j. Let d be l(6). What is the greatest common factor of d and h?
11
Let i = -356 + 725. What is the highest common factor of 41 and i?
41
Suppose -15 - 91 = -5*m - 4*d, 4*d = -3*m + 62. Suppose 4*u + c - 38 = 0, u - 4*c - m = -4. Calculate the highest common factor of 80 and u.
10
Let b = 14 + 3. Let g = -17 + b. Suppose g = r + 3*r - 4*h - 204, -39 = -r + 4*h. Calculate the greatest common factor of r and 11.
11
Suppose -l - 10 = -6*l. Suppose l*f = 6*f, 2*y - 4*f = 20. Calculate the highest common divisor of 4 and y.
2
Let i be 16/2 - 3 - 202. Let x = i + 351. Calculate the highest common factor of 44 and x.
22
Let z = -1 - -22. Suppose 6*s - z - 45 = 0. Calculate the highest common factor of 88 and s.
11
Let h(q) = -2*q + 2*q**2 + 70 + 2*q**2 - 69. Let s be h(1). What is the highest common factor of 2 and s?
1
Suppose 3*s = -2*h + 75, -4*s + 4*h = -2*s - 50. Calculate the highest common factor of s and 200.
25
Suppose 2*p - 1118 = -f, 5*f + 3*p - 3034 = 2591. What is the highest common divisor of 16 and f?
8
Let c(h) = 14*h + 22. Let k be c(5). Let v = 23 + 0. Calculate the highest common divisor of k and v.
23
Suppose 14*l - 106 - 67 = 107. Let o be 18/5 + 2/5. Calculate the highest common divisor of o and l.
4
Let r(z) = 13*z**3 + 2*z**2 + z - 1. Let a be r(-2). Let f = a + 117. What is the greatest common factor of f and 24?
6
Let g(y) = 9*y + 247. Let f be g(-27). What is the greatest common divisor of f and 80?
4
Suppose -4*u + 643 = -4*c - 1213, u = -2*c + 476. What is the greatest common factor of u and 26?
26
Let d = -255 + 283. What is the highest common divisor of d and 70?
14
Suppose 12 = 4*v + a, 7*v - 10*v - 4*a = -22. Calculate the highest common divisor of v and 6.
2
Suppose 3*r = -3*s + 2466, 4*s - 1268 + 431 = -r. Calculate the greatest common factor of r and 86.
43
Let m = 66 - -47. Let c = m + -81. Calculate the highest common factor of c and 24.
8
Suppose -2*g - 5*l + 138 = 0, 4*g + 69 = 5*g - 3*l. Let q be ((-47)/2)/(5/(-10)). Let w = -24 + q. What is the highest common factor of g and w?
23
Suppose 3*u = -v - u + 71, 0 = 3*v + 4*u - 197. Let y = -43 + v. Calculate the greatest common factor of 5 and y.
5
Let f(i) = 10*i - 6. Let a(y) = y**2 - y. Let u(p) = 4*a(p) + f(p). Let c be u(-6). Calculate the highest common factor of 34 and c.
34
Let n(d) = 5*d**3 - 4*d**2 - 2. Let g be n(3). Let q = g - 67. Let i(m) = m**2 - 6*m - 13. Let u be i(8). Calculate the greatest common divisor of q and u.
3
Let y be 1*3/(((-27)/(-10))/9). Suppose -95 = -3*b + 4*j, -2*b + 35 = -0*b + 3*j. Calculate the greatest common divisor of b and y.
5
Suppose -17*n = -11*n - 426. Let t = n - 47. Calculate the greatest common divisor of 3 and t.
3
Suppose -g + 23328 = 47*g. Calculate the highest common factor of 18 and g.
18
Suppose 233 = 2*h - 2*q - 1367, 0 = -4*h + q + 3200. What is the highest common divisor of 25 and h?
25
Suppose -4*i + 2 = 5*q - 5, 0 = 2*i + 2*q - 6. Let t be (-288)/(-8) + 6/12*-8. Calculate the greatest common factor of t and i.
8
Suppose 4*l - y = -2*y + 64, 0 = 3*y. Let n = -11 + l. Suppose n*w - 12 - 33 = 0. Calculate the greatest common divisor of 72 and w.
9
Let g = 23 + 17. Suppose -38*a + g*a - 96 = 0. What is the greatest common divisor of 16 and a?
16
Let k = 247 - 167. Let u(p) = -p**3 - 7*p**2 - 7*p - 8. Let j be u(-6). Let x = 18 - j. What is the greatest common divisor of x and k?
20
Let c(o) = -o**3 + 14*o**2 - o - 16. Let d be c(14). Let a be (26/10)/((-6)/d). What is the highest common divisor of a and 13?
13
Let o(m) = 9*m - 25. Let p be o(5). Let c = 8 + p. What is the highest common divisor of c and 4?
4
Let i = -336 + 626. Let p = i + -120. Suppose 6*w - p = w. What is the highest common divisor of 85 and w?
17
Suppose 20*u + 419 = r + 22*u, 1284 = 3*r - 3*u. Calculate the greatest common factor of r and 50.
25
Suppose 3*b - 117 = -2*t, -7*b - 2*t = -11*b + 170. Calculate the highest common factor of 123 and b.
41
Let b(g) = -7*g + 107. Let m be b(11). Calculate the greatest common divisor of 150 and m.
30
Suppose 0 = -4*p + 5*t + 420, -156 - 166 = -3*p + 2*t. Let j = 206 - 196. What is the greatest common factor of j and p?
10
Let l(g) = g**2 - 14*g + 29. Let z be l(2). Suppose 0 = 5*o - 3*o - 160. Calculate the greatest common divisor of z and o.
5
Suppose -2*l + 69 = -4*w + 17, -2*l - 3*w = -24. Calculate the highest common divisor of l and 936.
18
Let q = 11 - 11. Let i be (q + 220)*2 + -2. Let l be (-2)/9 - i/(-27). Calculate the highest common factor of 16 and l.
16
Let p(a) = 8*a + 73. Let h be p(-8). Calculate the highest common divisor of h and 2.
1
Let z be 2/(18/27 - (-231)/(-351)). What is the highest common divisor of z and 13?
13
Let h be (68 - 12) + (-1)/(-1). Suppose 0 = 2*a + 297 - h. Let r be 8/3*a/(-16). Calculate the greatest common factor of r and 4.
4
Let c = 13 + -12. Let s be -4*9/(-12) + 0/(-2). What is the greatest common divisor of c and s?
1
Let z(o) = 3*o + 3. Let c be z(7). Suppose -73 = -4*l + x, -5*l + 35 = -4*x - 59. What is the greatest common divisor of l and c?
6
Suppose -202 = -2*b - 4*f, -5*b + 0*f - 5*f + 480 = 0. Suppose -5*m + m - 16 = 0. Let j be (-2)/m - 125/(-10). What is the greatest common factor of b and j?
13
Let g(l) = -l**3 - 30*l**2 + 26*l - 71. Let u be g(-31). What is the highest common divisor of 126 and u?
42
Let r(v) = -v**3 - 8*v**2 - 7*v + 4. Suppose 0*g - 18 = g. Let k = 10 + g. Let q be r(k). What is the greatest common factor of q and 90?
30
Let a(r) = -r + 15. Let q be a(12). Let x be (q - (1 + 1)) + 2. Suppose x*w + 2*y - 47 = -0*w, 4*y = -8. Calculate the highest common factor of 119 and w.
17
Let l(d) = -d**2 + 10. Let o be l(-6). Let b = o - -39. Calculate the highest common factor of b and 104.
13
Let f = -61 + 61. Let w = -48 + 27. Let c = f - w. What is the greatest common divisor of c and 168?
21
Suppose 5*i = 4*g - 440, -4*g = -g + 2*i - 330. What is the greatest common divisor of 11 and g?
11
Let m = 18 + -18. Supp